remainder when 126015 is divided by 8?
7
Calculate the remainder when 5475 is divided by 661.
187
Calculate the remainder when 12808 is divided by 6392.
24
Calculate the remainder when 37111 is divided by 134.
127
Calculate the remainder when 7523 is divided by 534.
47
What is the remainder when 54453 is divided by 12?
9
Calculate the remainder when 76579 is divided by 15274.
209
Calculate the remainder when 34302 is divided by 76.
26
What is the remainder when 2850 is divided by 697?
62
What is the remainder when 3531 is divided by 571?
105
Calculate the remainder when 1738708 is divided by 111.
4
Calculate the remainder when 193 is divided by 102.
91
What is the remainder when 7245 is divided by 451?
29
What is the remainder when 4938 is divided by 88?
10
Calculate the remainder when 3237 is divided by 6.
3
Calculate the remainder when 199099 is divided by 724.
723
Calculate the remainder when 129036 is divided by 43012.
0
What is the remainder when 9503 is divided by 1196?
1131
Calculate the remainder when 1046 is divided by 118.
102
Calculate the remainder when 2239 is divided by 226.
205
What is the remainder when 10316 is divided by 215?
211
What is the remainder when 10492 is divided by 169?
14
Calculate the remainder when 23151 is divided by 11571.
9
What is the remainder when 40661 is divided by 10141?
97
What is the remainder when 979770 is divided by 19?
16
Calculate the remainder when 182287 is divided by 33.
28
Calculate the remainder when 6627 is divided by 102.
99
What is the remainder when 40278 is divided by 190?
188
What is the remainder when 52210 is divided by 408?
394
What is the remainder when 20322 is divided by 131?
17
Calculate the remainder when 20429 is divided by 1201.
12
What is the remainder when 221460 is divided by 1350?
60
What is the remainder when 13418 is divided by 3351?
14
Calculate the remainder when 725 is divided by 251.
223
Calculate the remainder when 26137 is divided by 242.
1
Calculate the remainder when 179702 is divided by 166.
90
Calculate the remainder when 1313 is divided by 75.
38
What is the remainder when 1037 is divided by 249?
41
What is the remainder when 503360 is divided by 638?
616
Calculate the remainder when 29818 is divided by 18.
10
What is the remainder when 2453 is divided by 32?
21
Calculate the remainder when 27472 is divided by 4577.
10
Calculate the remainder when 2330805 is divided by 739.
738
What is the remainder when 6345 is divided by 1284?
1209
What is the remainder when 50380 is divided by 365?
10
What is the remainder when 8159 is divided by 466?
237
Calculate the remainder when 4696 is divided by 475.
421
Calculate the remainder when 22216 is divided by 3.
1
What is the remainder when 294 is divided by 5?
4
What is the remainder when 6539 is divided by 815?
19
Calculate the remainder when 9898 is divided by 2943.
1069
What is the remainder when 1233 is divided by 369?
126
What is the remainder when 13241 is divided by 74?
69
What is the remainder when 2302 is divided by 563?
50
What is the remainder when 13391 is divided by 31?
30
What is the remainder when 1164 is divided by 388?
0
Calculate the remainder when 15545 is divided by 472.
441
Calculate the remainder when 23291 is divided by 1077.
674
What is the remainder when 610692 is divided by 463?
458
What is the remainder when 23911 is divided by 23880?
31
Calculate the remainder when 58238 is divided by 102.
98
Calculate the remainder when 5436 is divided by 5394.
42
Calculate the remainder when 7348 is divided by 669.
658
What is the remainder when 92924 is divided by 49?
20
What is the remainder when 1000397 is divided by 1025?
1022
Calculate the remainder when 2920 is divided by 2.
0
Calculate the remainder when 6996 is divided by 199.
31
Calculate the remainder when 192209 is divided by 409.
388
What is the remainder when 177937 is divided by 7736?
9
Calculate the remainder when 280618 is divided by 2378.
14
Calculate the remainder when 671 is divided by 278.
115
Calculate the remainder when 207529 is divided by 52.
49
What is the remainder when 214022 is divided by 26749?
30
Calculate the remainder when 16325 is divided by 699.
248
What is the remainder when 540 is divided by 194?
152
What is the remainder when 945 is divided by 136?
129
Calculate the remainder when 1133 is divided by 662.
471
What is the remainder when 28072 is divided by 11?
0
Calculate the remainder when 1453094 is divided by 15.
14
What is the remainder when 1048736 is divided by 660?
656
What is the remainder when 88854 is divided by 668?
10
What is the remainder when 98704 is divided by 8225?
4
Calculate the remainder when 7487 is divided by 831.
8
What is the remainder when 53869 is divided by 105?
4
Calculate the remainder when 695247 is divided by 39.
33
Calculate the remainder when 1633071 is divided by 204133.
7
Calculate the remainder when 9435 is divided by 51.
0
Calculate the remainder when 3145 is divided by 316.
301
What is the remainder when 124939 is divided by 20?
19
What is the remainder when 61593 is divided by 177?
174
Calculate the remainder when 249617 is divided by 124806.
5
Calculate the remainder when 90504 is divided by 431.
425
Calculate the remainder when 2534 is divided by 602.
126
What is the remainder when 674855 is divided by 2472?
2471
Calculate the remainder when 63949 is divided by 342.
337
Calculate the remainder when 148228 is divided by 74107.
14
What is the remainder when 8857 is divided by 295?
7
Calculate the remainder when 2105 is divided by 2039.
66
What is the remainder when 546 is divided by 199?
148
What is the remainder when 2985593 is divided by 600?
593
What is the remainder when 144631 is divided by 786?
7
What is the remainder when 40438 is divided by 1277?
851
Calculate the remainder when 2740 is divided by 31.
12
What is the remainder when 3445546 is divided by 1006?
1002
Calculate the remainder when 12098 is divided by 71.
28
What is the remainder when 10326 is divided by 1473?
15
Calculate the remainder when 1178 is divided by 289.
22
Calculate the remainder when 7291 is divided by 33.
31
Calculate the remainder when 163452 is divided by 15.
12
What is the remainder when 8320 is divided by 371?
158
Calculate the remainder when 16641 is divided by 55.
31
What is the remainder when 24934 is divided by 715?
624
Calculate the remainder when 491 is divided by 59.
19
Calculate the remainder when 1542 is divided by 1221.
321
Calculate the remainder when 67568 is divided by 3217.
11
Calculate the remainder when 198494 is divided by 1668.
2
Calculate the remainder when 16079 is divided by 8.
7
What is the remainder when 30084 is divided by 14?
12
Calculate the remainder when 115807 is divided by 5.
2
Calculate the remainder when 209285 is divided by 22.
21
What is the remainder when 118991 is divided by 10815?
26
Calculate the remainder when 11215 is divided by 25.
15
What is the remainder when 943854 is divided by 154?
142
Calculate the remainder when 1117 is divided by 236.
173
Calculate the remainder when 16594 is divided by 8138.
318
Calculate the remainder when 5112768 is divided by 65.
63
Calculate the remainder when 6032 is divided by 288.
272
Calculate the remainder when 10244 is divided by 446.
432
What is the remainder when 7200 is divided by 659?
610
Calculate the remainder when 17783 is divided by 57.
56
What is the remainder when 8134 is divided by 1248?
646
What is the remainder when 45792 is divided by 59?
8
What is the remainder when 357318 is divided by 581?
3
What is the remainder when 1467 is divided by 603?
261
Calculate the remainder when 115540 is divided by 34.
8
Calculate the remainder when 14595 is divided by 3510.
555
What is the remainder when 223016 is divided by 362?
24
What is the remainder when 140942 is divided by 23488?
14
Calculate the remainder when 1538882 is divided by 9.
8
What is the remainder when 496938 is divided by 20?
18
Calculate the remainder when 305788 is divided by 619.
2
Calculate the remainder when 1021 is divided by 177.
136
What is the remainder when 335419 is divided by 310?
309
Calculate the remainder when 29069 is divided by 9654.
107
What is the remainder when 556487 is divided by 39749?
1
Calculate the remainder when 11547 is divide